6 is divided by n?
2
Let g = -675 + 706. Calculate the remainder when 61 is divided by g.
30
Suppose 164 = j + 133. What is the remainder when 117 is divided by j?
24
Suppose 164*w - 162*w - 16 = 0. Suppose 0 = -w*z + 86 + 154. What is the remainder when z is divided by 9?
3
Let s = -55 - -80. Let p = 3 + 3. Let l = s + p. What is the remainder when l is divided by 11?
9
Suppose -n + 302 = 6*k - k, -5*n = 3*k - 168. Let m(h) = -h**3 - 4*h**2 - 3*h + 4. Calculate the remainder when k is divided by m(-4).
13
Let y = -100 - -215. Suppose y = 5*f + 15. Calculate the remainder when 97 is divided by f.
17
What is the remainder when 741 is divided by (-42)/168 - (-213)/4?
52
Let a = 9 - 8. Let v be 237/3 - -2 - a. Suppose 0 = -5*r - 4*m + 96, 0 = 3*r + r + 4*m - v. What is the remainder when 45 is divided by r?
13
Let r(p) = -p - 1. Let g be r(-7). Let y be g/((-3)/((-81)/6)). Let f = y - 8. What is the remainder when 55 is divided by f?
17
Suppose 2*t - 10 = 2. Let a be 12/(-9) - (-176)/(-3). Let m = a + 68. Calculate the remainder when m is divided by t.
2
Let i = -554 + 568. What is the remainder when 35 is divided by i?
7
Let w(o) = 14*o**3 + 2*o**2 - 1. What is the remainder when w(1) is divided by 5 + (-3 - 4/((-8)/14))?
6
Suppose 0 = 42*y + 479 - 1655. Let k = -6 - -16. Calculate the remainder when y is divided by k.
8
Let g(w) = w**3 - 3*w**2 + 4*w - 3. Let y be g(2). Suppose 12*i + 1750 = 19*i. What is the remainder when 66 is divided by y/(3 - i/85)?
15
Suppose -19*q + 22*q - 187 = -5*z, -179 = -3*q - z. Calculate the remainder when 226 is divided by q.
49
Suppose 0 = -2*h - o + 73, 0*h = 2*h + 3*o - 79. Suppose 2*l + h = 85. What is the remainder when 39 is divided by l?
14
Let j(t) = -831*t + 18. Calculate the remainder when j(-1) is divided by 71.
68
Suppose 0 = -4*m, -2*t + 0*m + m = 58. Let k = -14 - t. What is the remainder when k + 40 + 2/(-2) is divided by 14?
12
Suppose 6 - 20 = -v. What is the remainder when 110 is divided by v?
12
Let k(w) = -w**2 - 3*w + 31. Let x be k(-7). Suppose 4*a = -0*a + 3*s + 17, -s - x = 0. What is the remainder when a is divided by 1?
0
What is the remainder when 330 is divided by 24*(6 + 172/(-24))*-2?
50
Suppose -f = f - 5*y - 23, 0 = 4*y - 12. Let l = 110 + -35. What is the remainder when l is divided by f?
18
Let m be (4 - 9)/(2/4). Let b be 1*-2*(-1745)/m. What is the remainder when (-12)/(-54) - b/9 is divided by 10?
9
Let t(j) = 3*j**2 + j - 6. Calculate the remainder when t(7) is divided by 17.
12
Let z(f) = f**3 - 6*f**2 + 8*f + 6. Calculate the remainder when 70 is divided by z(4).
4
Calculate the remainder when 58 is divided by -1 + 21 - (-65)/13.
8
Let d = -1163 - -1330. Calculate the remainder when d is divided by 42.
41
Let o(b) be the second derivative of b**3/2 + b. Let c(x) = x**2 - x + 33. What is the remainder when c(0) is divided by o(6)?
15
Let r(v) = -42*v + 803. Calculate the remainder when 2/(-8) - (-33)/4 is divided by r(19).
3
Let y be 8/12 + (-56)/3. Let i = y - -34. Suppose 2*t + 0 = i. What is the remainder when 30 is divided by t?
6
Suppose -2*x - 5*c = -16, 37 = 3*x + 4*c + 6. What is the remainder when 23 is divided by x?
10
Let r(v) = v**3 + 7*v**2 - 2*v + 8. What is the remainder when r(-6) is divided by 40?
16
Let o = 674 + -628. What is the remainder when o is divided by 14?
4
Suppose d + 5*k + 32 = 0, 2*d + 2*k + 17 = d. Calculate the remainder when 34 is divided by (d/((-63)/(-12)))/((-3)/27).
10
Let m(w) = -19*w - 10. What is the remainder when 340 is divided by m(-1)?
7
Calculate the remainder when 47 is divided by 3/(-8) + (-211)/(-8) - 1.
22
Let c(d) = -6*d - 6. Let u(l) = -21*l**2 - 2*l - 7. Let s be u(-3). Let x = 278 + s. What is the remainder when x is divided by c(-4)?
16
Let h(b) = b**2 - b. Let m = 65 - 71. What is the remainder when h(-3) is divided by (-34)/m + (-60)/36?
0
Suppose 18 = 6*p - 3*p. Calculate the remainder when ((-52)/(-65))/(2/110) is divided by p*(-4)/(-8) + 9.
8
Suppose -3*l - 67 = -4*y, 4*y - 2 - 2 = 0. Let g = 341 + -386. Let s = l - g. Calculate the remainder when 47 is divided by s.
23
Let s = 102 + -57. Suppose -6*b = -2*b - 288. Suppose 10*u - 4*u - b = 0. What is the remainder when s is divided by u?
9
What is the remainder when (-1 - -1) + 39*(-4)/(-12) is divided by 11?
2
Suppose 5 = -u, -4*y = -3*y - u - 63. Let b = -6 - 0. Let p(h) = h**2 + 5*h + 9. Calculate the remainder when y is divided by p(b).
13
Suppose 5*t - 3*t = w + 1, 43 = 5*w + 2*t. Let u = w - -71. What is the remainder when u is divided by 27?
24
Let r(w) = -33*w**3. Let v(y) = -y**3 + 24*y**2 + 54*y + 145. Calculate the remainder when v(26) is divided by r(-1).
32
What is the remainder when 67 is divided by 8 + -63*(-9)/27?
9
Let x(b) = 3*b**2 - 69*b + 246. Let z = -17 - -24. What is the remainder when x(19) is divided by z?
4
Let r = -2 - -5. Suppose -r*c + 3*g + 70 = 13, 4*c = -2*g + 58. What is the remainder when 93 is divided by c?
13
Suppose -p - t = -0*p - 161, -4*p + 635 = -5*t. What is the remainder when p is divided by 27?
25
Suppose -1600 = -3*a - 47*a. Calculate the remainder when 347 is divided by a.
27
Suppose -4*m = -29 - 23. Calculate the remainder when 113 is divided by m.
9
Suppose 2*f + 42 = 170. Let c(u) = 12*u**2 + 1. Calculate the remainder when f is divided by c(-1).
12
Suppose -2*b + 16 = -g - 8, -3*b = g - 31. Suppose -8*n + b*n = -483. What is the remainder when 4/(-2) - n/7 is divided by 8?
5
Let s(z) = z**2 - 14*z + 18. Let w be s(13). Suppose -w*y + 2*y = -45. What is the remainder when 58 is divided by y?
13
Suppose -g - g = -28. Suppose 2*x - g + 10 = 0. Suppose x*w = 184 - 76. What is the remainder when w is divided by 19?
16
Let f(u) = 146*u**2 - 9*u - 9. Calculate the remainder when f(-1) is divided by 38.
32
Suppose 4*z - 128 = h, -4*h - 171 = -2*z - 3*z. What is the remainder when 276 is divided by z?
28
Suppose -u + 2*r + 22 = 6, 4*u + 2*r - 84 = 0. Let i = -85 - -124. Let j = 77 - i. What is the remainder when j is divided by u?
18
Suppose -14*d - 1416 = -73*d. Calculate the remainder when 73 is divided by d.
1
Suppose 0 = -4*u - 6*j + 11*j + 1604, -2*u - 5*j = -832. Calculate the remainder when u is divided by 106.
88
Let l be 26/104 - 1846/(-8). Suppose 0 = 3*w - 0*w - l. Calculate the remainder when w is divided by 26.
25
Suppose 7*a + 2 = 6*a. Calculate the remainder when a - (-3 + (-2 - -1)*9) is divided by 3.
1
Let v be (-5 - -4 - -2) + 3. Suppose -v*b = -3*b - 2. Calculate the remainder when 2 is divided by b.
0
Let r = 701 + -670. What is the remainder when 171 is divided by r?
16
Let v = 92 - 46. Suppose h - v = 18. Calculate the remainder when h is divided by 14.
8
Let v = -1 + 7. Let d be 2*2*219/12. Let u = d - 70. What is the remainder when v is divided by u?
0
Let t = -50 + 428. What is the remainder when t is divided by 10?
8
Let k = 6 - 6. Calculate the remainder when 9 is divided by k - (-34)/30 - 20/150.
0
Suppose 2*x = 3*x. Suppose x*m + 18 = m. What is the remainder when 67 is divided by m?
13
Suppose 4*r - g - 22 = 0, -r + 14 = 6*g - 2*g. Let f(d) = r*d - 6 - d - 3*d + 5*d**2. What is the remainder when f(-3) is divided by 12?
9
Let r(a) be the second derivative of -a**4/6 + 16*a**3/3 + 10*a**2 + 21*a. Calculate the remainder when r(16) is divided by 14.
6
Let m = 800 + -270. Suppose -25*o + 20*o = -m. What is the remainder when o is divided by 19?
11
Let t = -12 - 26. What is the remainder when t/(-5) + (-44)/(-110) is divided by 4?
0
Suppose 2*z = -4*z - 144. Let i = 28 + z. Calculate the remainder when 14 is divided by i.
2
Let h = -96 - -98. Suppose -h*m = 6*m - 208. Calculate the remainder when 128 is divided by m.
24
Suppose 3*a - 15 - 54 = 3*q, 0 = a + q - 19. Suppose -v - 75 = -199. Suppose 0 = 6*o - 8*o + v. What is the remainder when o is divided by a?
20
Suppose 23592 - 23449 = 13*z. What is the remainder when 0 + 66 + (1 - 2) is divided by z?
10
Let g = 8 + -4. Suppose -g = -3*c + c. Suppose 5*a - 5*h - 37 = 43, 0 = c*a - 4*h - 34. What is the remainder when a is divided by 4?
3
Suppose 0 = 76*p - 65*p - 858. Calculate the remainder when 1009 is divided by p.
73
Let j(w) = 4*w**3 - 1. Let d be j(1). Suppose -d*o + 24 = 3. Suppose 4*s - o = -3, 5*s = 4*b - 159. Calculate the remainder wh